e remainder when 63 is divided by 6.
3
What is the remainder when 74 is divided by 20?
14
Calculate the remainder when 649 is divided by 207.
28
What is the remainder when 574 is divided by 97?
89
What is the remainder when 962 is divided by 5?
2
What is the remainder when 179 is divided by 54?
17
Calculate the remainder when 370 is divided by 90.
10
What is the remainder when 318 is divided by 246?
72
Calculate the remainder when 51 is divided by 18.
15
Calculate the remainder when 2708 is divided by 63.
62
Calculate the remainder when 164 is divided by 30.
14
Calculate the remainder when 5 is divided by 2.
1
Calculate the remainder when 1261 is divided by 321.
298
Calculate the remainder when 3006 is divided by 1480.
46
Calculate the remainder when 1159 is divided by 29.
28
What is the remainder when 116 is divided by 59?
57
What is the remainder when 2678 is divided by 57?
56
What is the remainder when 352 is divided by 348?
4
Calculate the remainder when 109 is divided by 8.
5
Calculate the remainder when 1847 is divided by 298.
59
Calculate the remainder when 23922 is divided by 25.
22
Calculate the remainder when 80 is divided by 43.
37
Calculate the remainder when 74 is divided by 16.
10
What is the remainder when 144 is divided by 119?
25
Calculate the remainder when 874 is divided by 58.
4
Calculate the remainder when 592 is divided by 24.
16
What is the remainder when 464 is divided by 91?
9
Calculate the remainder when 232 is divided by 124.
108
What is the remainder when 915 is divided by 7?
5
What is the remainder when 544 is divided by 42?
40
Calculate the remainder when 5448 is divided by 109.
107
Calculate the remainder when 129 is divided by 71.
58
What is the remainder when 354 is divided by 114?
12
What is the remainder when 214 is divided by 106?
2
Calculate the remainder when 918 is divided by 46.
44
Calculate the remainder when 718 is divided by 353.
12
What is the remainder when 421 is divided by 205?
11
Calculate the remainder when 1938 is divided by 36.
30
What is the remainder when 508 is divided by 73?
70
Calculate the remainder when 865 is divided by 57.
10
What is the remainder when 113 is divided by 38?
37
What is the remainder when 414 is divided by 189?
36
What is the remainder when 71 is divided by 30?
11
Calculate the remainder when 296 is divided by 20.
16
What is the remainder when 921 is divided by 71?
69
Calculate the remainder when 111 is divided by 107.
4
What is the remainder when 20277 is divided by 169?
166
What is the remainder when 1957 is divided by 98?
95
What is the remainder when 932 is divided by 48?
20
Calculate the remainder when 1506 is divided by 73.
46
What is the remainder when 14794 is divided by 108?
106
What is the remainder when 46 is divided by 30?
16
Calculate the remainder when 4596 is divided by 1532.
0
Calculate the remainder when 190 is divided by 50.
40
Calculate the remainder when 13 is divided by 9.
4
What is the remainder when 40 is divided by 3?
1
What is the remainder when 177 is divided by 10?
7
What is the remainder when 68 is divided by 14?
12
Calculate the remainder when 84 is divided by 43.
41
What is the remainder when 1765 is divided by 45?
10
Calculate the remainder when 368 is divided by 6.
2
Calculate the remainder when 722 is divided by 41.
25
What is the remainder when 9 is divided by 1?
0
What is the remainder when 112 is divided by 64?
48
What is the remainder when 835 is divided by 70?
65
Calculate the remainder when 506 is divided by 291.
215
What is the remainder when 10337 is divided by 11?
8
What is the remainder when 1221 is divided by 82?
73
Calculate the remainder when 233 is divided by 63.
44
Calculate the remainder when 373 is divided by 302.
71
What is the remainder when 869 is divided by 67?
65
Calculate the remainder when 151 is divided by 44.
19
Calculate the remainder when 219 is divided by 13.
11
What is the remainder when 452 is divided by 65?
62
Calculate the remainder when 3700 is divided by 39.
34
Calculate the remainder when 1512 is divided by 22.
16
What is the remainder when 473 is divided by 95?
93
What is the remainder when 44 is divided by 10?
4
What is the remainder when 1707 is divided by 539?
90
Calculate the remainder when 3 is divided by 1.
0
Calculate the remainder when 1248 is divided by 97.
84
What is the remainder when 788 is divided by 61?
56
What is the remainder when 1533 is divided by 192?
189
Calculate the remainder when 220 is divided by 32.
28
What is the remainder when 1662 is divided by 1655?
7
Calculate the remainder when 373 is divided by 63.
58
What is the remainder when 531 is divided by 27?
18
What is the remainder when 47 is divided by 5?
2
What is the remainder when 73 is divided by 17?
5
Calculate the remainder when 1116 is divided by 28.
24
Calculate the remainder when 344 is divided by 51.
38
Calculate the remainder when 185 is divided by 3.
2
What is the remainder when 920 is divided by 216?
56
Calculate the remainder when 145 is divided by 63.
19
What is the remainder when 658 is divided by 29?
20
Calculate the remainder when 49 is divided by 31.
18
What is the remainder when 56 is divided by 23?
10
Calculate the remainder when 6732 is divided by 5.
2
Calculate the remainder when 72 is divided by 15.
12
Calculate the remainder when 134 is divided by 53.
28
What is the remainder when 1215 is divided by 18?
9
Calculate the remainder when 376 is divided by 13.
12
Calculate the remainder when 614 is divided by 47.
3
What is the remainder when 168 is divided by 85?
83
Calculate the remainder when 7409 is divided by 26.
25
What is the remainder when 17 is divided by 6?
5
What is the remainder when 72 is divided by 15?
12
What is the remainder when 1516 is divided by 41?
40
What is the remainder when 1019 is divided by 102?
101
What is the remainder when 384 is divided by 100?
84
What is the remainder when 1167 is divided by 30?
27
What is the remainder when 68 is divided by 25?
18
Calculate the remainder when 188 is divided by 63.
62
Calculate the remainder when 956 is divided by 79.
8
What is the remainder when 1133 is divided by 14?
13
Calculate the remainder when 1620 is divided by 325.
320
What is the remainder when 2639 is divided by 21?
14
What is the remainder when 1078 is divided by 48?
22
Calculate the remainder when 178 is divided by 29.
4
What is the remainder when 192 is divided by 39?
36
Calculate the remainder when 89 is divided by 18.
17
Calculate the remainder when 301 is divided by 8.
5
Calculate the remainder when 1061 is divided by 153.
143
Calculate the remainder when 911 is divided by 13.
1
What is the remainder when 184 is divided by 49?
37
What is the remainder when 948 is divided by 68?
64
What is the remainder when 1844 is divided by 267?
242
What is the remainder when 114 is divided by 44?
26
What is the remainder when 455 is divided by 24?
23
Calculate the remainder when 680 is divided by 335.
10
What is the remainder when 852 is divided by 48?
36
Calculate the remainder when 1982 is divided by 16.
14
Calculate the remainder when 111 is divided by 76.
35
Calculate the remainder when 502 is divided by 24.
22
What is the remainder when 1718 is divided by 41?
37
What is the remainder when 592 is divided by 33?
31
Calculate the remainder when 187 is divided by 12.
7
Calculate the remainder when 328 is divided by 11.
9
Calculate the remainder when 11142 is divided by 3709.
15
What is the remainder when 113 is divided by 44?
25
Calculate the remainder when 778 is divided by 16.
10
Calculate the remainder when 1806 is divided by 532.
210
Calculate the remainder when 13015 is divided by 20.
15
What is the remainder when 105 is divided by 30?
15
Calculate the remainder when 64 is divided by 25.
14
What is the remainder when 77 is divided by 22?
11
Calculate the remainder when 287 is divided by 37.
28
What is the remainder when 184 is divided by 31?
29
What is the remainder when 2168 is divided by 31?
29
What is the remainder when 140 is divided by 15?
5
Calculate the remainder when 675 is divided by 160.
35
What is the remainder when 148 is divided by 144?
4
What is the remainder when 64 is divided by 13?
12
What is the remainder when 4029 is divided by 42?
39
Calculate the remainder whe